to base 8
-4752246
Convert -1333031 (base 4) to base 11.
-6131
Convert -4353411 (base 6) to base 2.
-110101000010001111
Convert 4b506 (base 14) to base 10.
184834
522750 (base 8) to base 13
60cb7
What is -3013921 (base 10) in base 14?
-586521
2409292 (base 12) to base 14
cdacb4
What is -1100002110002 (base 3) in base 7?
-6016025
What is -8610300 (base 9) in base 2?
-10001100110001000010010
What is 455466 (base 9) in base 8?
1025206
What is -1011000010101011011 (base 2) in base 13?
-c88c3
What is 871055 (base 9) in base 12?
2104a2
Convert -138ab (base 14) to base 9.
-73311
What is -550041040 (base 6) in base 7?
-146216466
What is -1111101110010 (base 2) in base 13?
-3883
What is ba235b (base 14) in base 9?
12771650
What is 121276b (base 13) in base 14?
a5c1ca
Convert -11526462 (base 7) to base 10.
-1032327
-220110012210 (base 3) to base 8
-1654020
Convert 767214 (base 8) to base 14.
69c96
What is -301322212 (base 4) in base 13?
-720a3
4132001 (base 5) to base 9
112838
-79797c (base 13) to base 10
-2873103
Convert 1767953 (base 10) to base 15.
24dc88
Convert 163101163 (base 7) to base 3.
202211201202111
What is -1222052 (base 8) in base 14?
-8ab10
2024774 (base 8) to base 6
15245004
Convert 170908 (base 11) to base 2.
1000000100110111011
335152240 (base 6) to base 12
2075680
Convert 54781 (base 9) to base 6.
440201
Convert -50311552 (base 6) to base 15.
-1d2222
-1142a4 (base 12) to base 13
-99055
What is -11976797 (base 10) in base 14?
-183aa17
What is 327bd (base 14) in base 13?
4386a
Convert -27db0 (base 15) to base 11.
-88162
Convert -515872 (base 9) to base 4.
-1022233310
24e83 (base 16) to base 6
3123511
141847 (base 11) to base 8
661415
3b0b1b (base 14) to base 13
56496b
Convert 158389 (base 10) to base 13.
5712a
110021120121200 (base 3) to base 13
1476813
110321021 (base 4) to base 9
140345
What is 20110110010 (base 3) in base 8?
370305
Convert -246885 (base 9) to base 6.
-3111505
What is -2554105 (base 6) in base 11?
-95959
-31483b (base 12) to base 10
-775343
What is -6152768 (base 10) in base 7?
-103204046
Convert -1110111001001101000 (base 2) to base 13.
-1411a7
21220617 (base 8) to base 12
1625a3b
Convert -5786324 (base 9) to base 4.
-23323211323
Convert -5125130 (base 6) to base 15.
-4c7dc
What is 2031310430 (base 5) in base 10?
4166365
Convert 10001011110000001111 (base 2) to base 16.
8bc0f
1000011101000111110010 (base 2) to base 12
8aa7aa
Convert 15321 (base 6) to base 7.
10165
Convert -66c889 (base 13) to base 4.
-21100201021
What is 165644 (base 9) in base 16?
190ba
Convert -3030241323 (base 5) to base 14.
-b4c041
What is -1000011000001011011 (base 2) in base 10?
-274523
Convert 11110000110011101 (base 2) to base 4.
132012131
Convert 125554545 (base 6) to base 5.
1121103301
2111110022 (base 3) to base 16
c017
What is -110210101 (base 3) in base 6?
-111101
Convert -32523 (base 8) to base 4.
-3111103
Convert -22660211 (base 7) to base 14.
-3a0078
What is -895a21 (base 11) in base 2?
-101011100101001100001
What is 33193 (base 10) in base 5?
2030233
101120232 (base 4) to base 14
1bd4a
-5432024 (base 6) to base 10
-268720
Convert -3089b8b (base 12) to base 14.
-12dd427
What is 68b51 (base 15) in base 11?
208461
-359c (base 14) to base 7
-36155
What is -4983a (base 11) in base 5?
-4242204
Convert 14022303 (base 6) to base 8.
1625277
Convert 4000052 (base 6) to base 7.
1405121
-20ba2 (base 13) to base 8
-163351
23aa8 (base 13) to base 10
65541
What is 42b28 (base 13) in base 12?
59903
Convert 1001020313 (base 4) to base 10.
266807
What is -6c84e5 (base 15) in base 2?
-10011110011100010111001
Convert -c89bc (base 15) to base 13.
-193a61
What is -104350 (base 7) in base 3?
-221012001
What is 186919 (base 11) in base 4?
1012020222
Convert -5243233 (base 9) to base 11.
-16456a4
Convert -22002021000010 (base 3) to base 10.
-4296000
What is -141131434 (base 5) in base 14?
-14bbbc
Convert 3042000 (base 6) to base 8.
434260
-3068640 (base 9) to base 2
-110010000011001101011
-9172 (base 11) to base 12
-706b
What is -1100110011010100111110 (base 2) in base 3?
-20022111112001
What is 3553114 (base 6) in base 2?
101101011010100110
Convert 2aa92 (base 11) to base 7.
241666
What is -236 (base 13) in base 3?
-112012
-10203400 (base 5) to base 4
-110231302
Convert -20045403 (base 6) to base 16.
-8a40b
Convert 330211330 (base 4) to base 8.
744574
3265848 (base 9) to base 4
12230233130
What is -151520220 (base 6) in base 8?
-14052424
What is 4053636 (base 7) in base 15?
985d6
What is -2220012221100 (base 3) in base 11?
-9617aa
-66755362 (base 8) to base 12
-49aa26a
What is -1b87b7a (base 12) in base 14?
-ad9246
21201122122 (base 3) to base 8
451054
Convert -112314244 (base 5) to base 16.
-7ca6e
-6231463 (base 7) to base 14
-1564a3
7555573 (base 8) to base 4
13231231323
Convert -51a3 (base 16) to base 2.
-101000110100011
Convert 553330 (base 9) to base 6.
11030043
c35c (base 14) to base 16
833e
What is -100243133 (base 5) in base 16?
-619b1
-15220401 (base 7) to base 3
-2201200120120
62767 (base 10) to base 6
1202331
Convert -122230302100 (base 4) to base 6.
-410003344
What is -1354442 (base 7) in base 12?
-89175
-1022202101112 (base 3) to base 9
-1282345
-2016455 (base 7) to base 3
-110012012122
What is 1653162 (base 8) in base 5?
110342012
Convert 11101100110001111010 (base 2) to base 5.
222013400
What is -11203141 (base 5) in base 10?
-100421
What is -442002 (base 6) in base 5?
-2133342
What is 793a72 (base 14) in base 7?
50012002
-1a9872c (base 14) to base 10
-13276884
Convert 19166a3 (base 11) to base 10.
3244486
What is -5bb141 (base 12) in base 13?
-402b26
What is -500110 (base 8) in base 5?
-20221122
What is -1102000220 (base 3) in base 5?
-1341401
-300342442 (base 5) to base 14
-22b762
Convert -471630 (base 15) to base 12.
-1179799
-1110001111100100 (base 2) to base 3
-2222000202
Convert 13b41 (base 12) to base 5.
1340203
Convert 326cbd (base 16) to base 10.
3304637
2506063 (base 8) to base 10
691251
450a6 (base 12) to base 13
32988
What is -221003102023 (base 4) in base 13?
-22ca287
5261 (base 11) to base 4
1230310
What is 340907 (base 11) in base 7?
4420355
What is 6904338 (base 10) in base 2?
11010010101101000010010
What is 426425 (base 8) in base 11?
98169
-461d2 (base 14) to base 10
-170508
10445436 (base 7) to base 2
11011100010010101001
Convert 2360ca (base 15) to base 10.
1691065
233230112 (base 4) to base 10
195350
Convert 13156706 (base 8) to base 15.
3d133d
6331ca (base 13) to base 12
93a97b
Convert -4c210c (base 13) to base 6.
-103135411
Convert -4000365 (base 7) to base 5.
-110031130
-1111111010100001011000 (base 2) to base 15
-576194
-15642a (base 11) to base 7
-2030515
Convert 30b3990 (base 12) to base 9.
18260830
Convert -731026 (base 8) to base 13.
-86318
2587276 (base 11) to base 9
8370665
-12001100222102 (base 3) to base 4
-22033110002
What is -313413323 (base 5) in base 3?
-2110120121200
2246232 (base 7) to base 5
32440240
Convert -18185 (base 14) to base 7.
-341625
7b331 (base 15) to base 5
100022341
-1010315114 (base 6) to base 13
-21c7219
Convert 23cc5b (base 13) to base 12.
353969
What is -9821 (base 16) in base 14?
-1029b
335667 (base 11) to base 9
1004212
5dd280 (base 16) to base 3
102120101110222
Convert -3d818 (base 16) to base 3.
-110210120200
2213330 (base 8) to base 14
117120
-a15881 (base 13) to base 16
-3947cd
What is 23c968 (base 13) in base 6?
30204024
-467667 (base 8) to base 9
-263022
What is a71614 (base 11) in base 9?
3203562
11011110111010001100 (base 2) to base 10
913036
What is -14015422 (base 10) in base 7?
-230062201
What is -35152322 (base 6) in base 2?
-100001001100110011010
11102112121202 (base 3) to base 4
20332130213
Convert 3d855 (base 14) to base 2.
100101001111110011
36612 (base 13) to base 7
564144
What is -10101010001110101000 (base 2) in base 11?
-43694a
Convert -492 (base 15) to base 10.
-1037
Convert -10004314 (base 7) to base 16.
-c96f1
111011011000101001 (base 2) to base 8
733051
Convert 1013201330 (base 4) to base 5.
33333423
-40013433 (base 5) to base 15
-62dcd
Convert -115a032 (base 13) to base 6.
-310540154
-26350740 (base 8) to base 11
-3360622
Convert 3d377 (base 14) to base 2.
100101000000111101
Convert c4e64d (base 15) to base 3.
122121201112201
-22b671 (base 13) to base 2
-